= s**3 - 8*s**3 + 2*s - 3*s - 7*s**3. Let p be q(-1). Let b = p + -3. What is the units digit of b?
2
Let x(i) be the first derivative of 4*i**3/3 + 5*i**2 + 23*i + 30. What is the hundreds digit of x(-7)?
1
What is the hundreds digit of (2/4)/(6/8796)?
7
Let k(z) = 3*z**2 - 4*z - 7. Let r be k(-7). What is the units digit of 1434/14 + (r/(-49) - -3)?
2
Let f(j) = -7*j + 21. Let m(a) = -a**2 - 7*a - 15. Let w be m(-6). What is the units digit of f(w)?
4
Let o(n) = 746*n - 9. What is the tens digit of o(4)?
7
Let w = 52 + -16. Suppose 5*q - 6 = -w. What is the units digit of 3/q*8 + 15?
1
Suppose 9*i - 5*i - 240 = 0. Suppose 11*q = 8*q + i. What is the tens digit of q?
2
Suppose 5*v - 359 = 2*n + 450, -4*v + 4*n + 640 = 0. What is the tens digit of v?
6
Let t(p) = -21*p - 21. Let d(y) = -1. Let j(v) = 4*d(v) - t(v). What is the units digit of j(4)?
1
Let y(u) = -570*u**3 - u**2 + 2*u - 3. Let v be y(2). What is the tens digit of v/(-26) - (-2)/4?
7
Let j(t) = t**2 + 8*t - 4. Let a be j(-11). Suppose 7*k - a = -8. Suppose -6 = -k*x + 3, -5*b + 281 = -3*x. What is the units digit of b?
8
Suppose 0 = 37*m - 39801 - 11777. What is the hundreds digit of m?
3
Let t = -5 - -13. Suppose -8*z + 26*z - 198 = 0. Let x = z - t. What is the units digit of x?
3
Let y be (-25)/(-10)*112/20. Suppose -52 = -6*v + y. What is the units digit of v?
1
What is the thousands digit of -2 + (-45)/(-5) - -2260?
2
What is the units digit of 4/(-18) + (2563520/144)/10?
0
Let u be ((-4)/3)/((-6)/126). Suppose 5*g - 2*h - 133 = u, 3*g + 5*h = 109. What is the tens digit of g?
3
Let v(p) = 143*p - 84. What is the thousands digit of v(9)?
1
Let j = -1298 + 1393. What is the tens digit of j?
9
Let q be (7 - (3 - -1))*16/12. Suppose 4*g + 2*x - 996 = 0, -q*g + 1082 - 74 = 5*x. What is the hundreds digit of g?
2
Let s = -30 + 34. Suppose -s*u - 80 = -380. What is the tens digit of u?
7
Suppose 64*h = 69*h - 3700. What is the hundreds digit of h?
7
Let t = -121 - -64. Let k = t - -146. Suppose -5*a = -k - 21. What is the units digit of a?
2
Let k(v) = 3*v + 8 - 9*v + v + 13. Let c(b) = 5*b - 22. Let i(y) = -3*c(y) - 2*k(y). What is the tens digit of i(-9)?
6
Let j = -29 + 56. Suppose 2*l = -9 + j. What is the units digit of l?
9
Let i = -54 + 56. Suppose -i*g - 3*g = -1665. What is the tens digit of g?
3
Let r(p) = 4*p - 42. Let j(n) = -n. Let g(h) = -3*j(h) - r(h). Let a be g(0). Let c = -23 + a. What is the units digit of c?
9
Let l = -433 - -1002. What is the tens digit of l?
6
Suppose 3*q - 5*w = 787, 0 = 2*q - w - 3*w - 524. What is the tens digit of q?
6
What is the hundreds digit of -1*(-11)/(77/1659)?
2
Suppose 0*n - 2*n = 2. Let m be (-40)/(-10)*n/(-2). Suppose -3*f + c + 7 = 3*c, -m*f + 4*c = -26. What is the units digit of f?
5
Let t be 14/(-2)*3*-2. Let a = t - -124. Suppose 21*w - 19*w = a. What is the tens digit of w?
8
Let q = 1453 + -1018. Suppose 0*p + q = 3*p. What is the hundreds digit of p?
1
Suppose 0 = 4*g - 5*f - 1124 - 13057, -2*g - 4*f = -7058. What is the tens digit of g?
3
Let z = 55 + -55. Suppose 5*j + 13 - 198 = z. What is the units digit of j?
7
Let q = 12 + -16. Let t be 0/q - (1 + -16). Suppose -4*b = -w - 7 + 44, -t = 3*b. What is the units digit of w?
7
Suppose 26*y - 444 = 25*y. What is the hundreds digit of y?
4
Suppose 65 = -r + 6*r. Let u(q) = 6*q - 26. What is the units digit of u(r)?
2
Let n(l) = -l**3 + 19*l**2 + 19*l + 26. Let g be n(20). Suppose 5*w + 2*b - 194 = 0, -4*b - 156 = -4*w - g*b. What is the tens digit of w?
3
Let h = -87 - -95. Let g = -4 + 1. Let m = h + g. What is the units digit of m?
5
Suppose -x - 19 = 28. Let p = x + 74. What is the tens digit of p?
2
Let x(n) = n**2 - 1. Let l be x(1). Let z = l - 2. Let s(h) = h**3 + 3*h**2 + h - 1. What is the units digit of s(z)?
1
Suppose -3843 = -42*v + 1449. What is the hundreds digit of v?
1
Let p(i) = 7*i - 12. Let x be p(2). Suppose 3*f - 391 = -4*q, -2*q = f + x*f - 389. What is the hundreds digit of f?
1
What is the units digit of ((-27)/(-36))/((-3)/(-6756)) - 6?
3
What is the hundreds digit of (15 + (-2651)/55)/(2/(-80))?
3
Suppose 3*y + 20 = 8*y. Suppose w - y = -2*l, -3*l + 0*l = 3*w. What is the units digit of 41 + -1 - (-4)/l?
1
Let v be (5 - 69)*(-1 - (-83)/(-2)). Suppose k - v = -9*k. What is the units digit of k?
2
Suppose -19854 = -61*w - 4299. What is the units digit of w?
5
Let h be (-5 - (-9)/6)*(-2)/(-1). Suppose 8 = 5*g - 17. Let a = g - h. What is the units digit of a?
2
Let z(r) = r**2 - 14*r + 15. Let x be z(13). Suppose -3*o + 4*q = -78, 2*o + 4*q = -x*o + 104. What is the units digit of o?
6
Suppose -2*n + 5*l = -51 - 60, -99 = -2*n + l. What is the units digit of n?
8
Let m be (-4)/(-6) - 25/15. Let r be (-5 + 4)*(23 - m). Let g = r + 52. What is the units digit of g?
8
Let k = -5 + 9. Let b(a) = -a**3 - 10*a**2 + 23*a + 10. Let h be b(-12). Let f = h + k. What is the units digit of f?
6
Suppose 2135 = u + 6*u. Suppose -5*m = -0*w + 3*w - 330, 0 = 5*m - 2*w - u. What is the units digit of m?
3
Let q(a) = -a**3 + a**2 + 2*a - 4. Suppose 5 = 3*y - 13. Suppose -2*i = -y*i + 2*p - 2, 5*i + 35 = -4*p. What is the units digit of q(i)?
6
Suppose 0 = -f + 5*z + 4468, -4*f + 10*z + 17872 = 12*z. What is the thousands digit of f?
4
Suppose 4*n + 4*i = 8*i + 1852, -n + 5*i = -483. What is the units digit of n?
8
Let z = 408 + 652. What is the tens digit of z?
6
What is the thousands digit of 1159 + (5/(-2))/(30/(-24))?
1
Let o(t) = t**3 - 20*t**2 - 15*t - 14. What is the hundreds digit of o(23)?
2
Suppose 2*r = 0, -l + 617 = r + 209. What is the tens digit of l?
0
Suppose -2*u + 1 = -3. Suppose 3 - u = w. Suppose -n + 3 = w. What is the units digit of n?
2
Let b be 4/2 - (-3 - -2). Suppose -3*u + 5*t + 35 = 0, -4*u + 2*t = 5*t - 37. Suppose 3*a = -3*h + 57, b*h - u = a + 39. What is the tens digit of h?
1
Suppose 2*b - 5*b = -m + 49, 3*m = 4*b + 172. Suppose 124 = 4*f + 4*k - m, 4*f - 5*k - 188 = 0. Let p = -24 + f. What is the units digit of p?
3
Suppose 12*s - 13790 = -2*s. What is the units digit of s?
5
Suppose 2*z = 3*v - 7*v + 2310, -v - 2290 = -2*z. Suppose 4*a - z = -3*q, 0 = -4*a - q - q + 1146. What is the units digit of a?
6
Let i = -35 - -144. What is the units digit of i?
9
What is the units digit of (-2 - (-5 + 6))/(3/(-166))?
6
Let a(k) = -k**3 - k**2 - 3*k - 6. Let p be a(-2). Suppose -p*d - 3 = -91. What is the units digit of d?
2
Let k = -156 + 291. What is the tens digit of k?
3
Let f = 542 - 538. Let y = -2 - -4. Suppose -5*x - 4*k = -131, -f*x - y*k = -x - 79. What is the units digit of x?
7
Suppose -4*r - 15 = -r, 0 = 2*l + r + 15. Let i = l - -22. What is the units digit of i?
7
Let h(u) = -u**2 - 22*u - 14. Let a(l) = -l**2 + l + 1. Let q(i) = 3*a(i) - h(i). What is the tens digit of q(8)?
8
Let p = 1018 - 367. What is the hundreds digit of p?
6
Suppose -8*m + 4*m + 4*r = -4752, 0 = -5*m - r + 5964. What is the thousands digit of m?
1
Let c(y) = 2*y**2 - 12*y + 14. Let g be c(5). Let z = -26 + 39. What is the units digit of (9 - z)*(-29)/g?
9
Let o be (-144)/15*(-20)/6. Suppose z + 4*d = 29, 5*d = -z + o - 4. Suppose -4*s = -5*j + 22, -2*s - z = -4*j - 13. What is the units digit of j?
6
Let c be 3*(-4)/6 - -6. Suppose -4 = c*p - 20. Suppose -p*j - 13 = -85. What is the units digit of j?
8
Let j = 1154 + -526. What is the tens digit of j?
2
What is the tens digit of (470 - 2) + (-2 - -4)?
7
Let b = 40 + -44. What is the tens digit of (-2)/b - 444/(-8)?
5
Let n(j) be the second derivative of 2*j**3/3 - 7*j**2 + 3*j. What is the units digit of n(15)?
6
Suppose -23*r + 4818 = -r. What is the hundreds digit of r?
2
Suppose 0 = 4*a - 3*s - 7, 3*a - s - s = 6. Suppose a*b - 210 = b. What is the units digit of b?
0
Let b = -18 - -782. What is the hundreds digit of b?
7
Suppose -4*k = -5*f + f - 76, 3*f = 5*k - 85. Let r(d) be the second derivative of -d**3/6 + 10*d**2 - d. What is the units digit of r(k)?
6
What is the hundreds digit of 25/(5 + 0) + -3 - -183?
1
Suppose -886*x - 11079 = -889*x. What is the units digit of x?
3
Suppose 29*y - 14550 = 26*y. What is the units digit of y?
0
Let s(k) = 5*k**2 + 38*k - 7. What is the thousands digit of s(11)?
1
Suppose 5*z - 2*z + 15 = 0. Let k = z - 1. What is the tens digit of 540/(-24)*4/k?
1
Let